{"id":4891,"date":"2015-03-11T20:38:29","date_gmt":"2015-03-11T20:38:29","guid":{"rendered":"http:\/\/sangokai.org\/?page_id=4891"},"modified":"2016-12-07T12:53:11","modified_gmt":"2016-12-07T12:53:11","slug":"kai-geos","status":"publish","type":"page","link":"http:\/\/sangokai.org\/?page_id=4891","title":{"rendered":"kai geos"},"content":{"rendered":"<p>[vc_row full_width=&#8220;full_width_content&#8220; animation_type=&#8220;h&#8220; vertical_animation=&#8220;top-animation&#8220;][vc_column][vc_empty_space height=&#8220;150px&#8220;][vc_custom_heading text=&#8220;kai geos&#8220; font_container=&#8220;tag:h2|font_size:45|text_align:center|color:%236e6e6e&#8220; google_fonts=&#8220;font_family:PT%20Sans%3Aregular%2Citalic%2C700%2C700italic|font_style:400%20regular%3A400%3Anormal&#8220;][vc_empty_space height=&#8220;20px&#8220;][vc_custom_heading text=&#8220;BASIS-Komponente #5&#8243; font_container=&#8220;tag:h2|text_align:center|color:%236e6e6e&#8220; google_fonts=&#8220;font_family:PT%20Sans%3Aregular%2Citalic%2C700%2C700italic|font_style:400%20regular%3A400%3Anormal&#8220;][\/vc_column][\/vc_row][vc_row][vc_column][vc_empty_space height=&#8220;20px&#8220;][vc_text_separator title=&#8220;Produkt Steckbrief&#8220;][vc_empty_space height=&#8220;20px&#8220;][\/vc_column][\/vc_row][vc_row][vc_column width=&#8220;1\/2&#8243;][vc_single_image image=&#8220;8183&#8243; img_size=&#8220;medium&#8220; alignment=&#8220;center&#8220;][\/vc_column][vc_column width=&#8220;1\/2&#8243;][vc_custom_heading text=&#8220;kai geos&#8220; font_container=&#8220;tag:h2|text_align:left|color:%239e9447&#8243; google_fonts=&#8220;font_family:PT%20Sans%3Aregular%2Citalic%2C700%2C700italic|font_style:400%20regular%3A400%3Anormal&#8220;][vc_column_text]<\/p>\n<hr \/>\n<p style=\"text-align: left;\"><span style=\"font-family: tahoma, arial, helvetica, sans-serif; font-size: 12pt; color: #000000;\"><strong>Partikul\u00e4re mineralische Feinststoffe mit Kolloidfraktionen zur Steigerung der mikrobiologischen Variabilit\u00e4t und Biofilmentwicklung<\/strong><\/span><\/p>\n<p style=\"text-align: left;\"><span style=\"font-family: tahoma, arial, helvetica, sans-serif; font-size: 12pt; color: #000000;\">&#8211; Komponente #5 im\u00a0SANGOKAI BASIS-System.<\/span><\/p>\n<p style=\"text-align: left;\"><span style=\"font-family: tahoma, arial, helvetica, sans-serif; font-size: 12pt; color: #000000;\">&#8211; partikul\u00e4re Fraktionen dienen der\u00a0Mobilisierung der Mikroben und beleben die f\u00fcr das Riffsystem wichtigen Biofilme (Bioaktivierung).<\/span><\/p>\n<p style=\"text-align: left;\"><span style=\"font-family: tahoma, arial, helvetica, sans-serif; font-size: 12pt; color: #000000;\">&#8211; bildet hochwirksame Bakterien-Substrat-Komplexe im Freiwasser und\u00a0beg\u00fcnstigt somit die\u00a0Keimzahlbegrenzung im Wasser. <\/span><\/p>\n<p style=\"text-align: left;\"><span style=\"font-family: tahoma, arial, helvetica, sans-serif; font-size: 12pt; color: #000000;\">&#8211; wirkt hemmend auf das Wachstum von Cyanobakterien und hilft bei der Regeneration gesch\u00e4digter Mikrobengemeinschaften.<\/span><\/p>\n<p style=\"text-align: left;\"><span style=\"font-family: tahoma, arial, helvetica, sans-serif; font-size: 12pt; color: #000000;\">&#8211; Kalk- und Magnesiumminerale sorgen f\u00fcr eine Stimulierung der Gestaltungsmaterialien\u00a0und\u00a0beleben deren Oberfl\u00e4chen.<\/span><\/p>\n<p style=\"text-align: left;\"><span style=\"font-family: tahoma, arial, helvetica, sans-serif; font-size: 12pt; color: #000000;\">&#8211;\u00a0in den nat\u00fcrlichen Sedimentpartikeln\u00a0gebundene Spurenstoffe bieten\u00a0eine zus\u00e4tzliche partikul\u00e4re Versorgung\u00a0der Biofilme.<\/span><\/p>\n<p style=\"text-align: left;\"><span style=\"font-family: tahoma, arial, helvetica, sans-serif; font-size: 12pt; color: #000000;\">\u00a0&#8211; besitzt adsorptive Eigenschaften zur Bindung von Schadstoffen und dient dar\u00fcber hinaus auch der Wasserkl\u00e4rung.<\/span><\/p>\n<p style=\"text-align: left;\"><span style=\"font-family: tahoma, arial, helvetica, sans-serif; font-size: 12pt; color: #000000;\">Erh\u00e4ltlich in 250 mL (Art.-Nr. 30003), 500 mL (Art.-Nr. 30004), 1000 mL (Art.-Nr. 30005) PET-Braunflasche mit Originalit\u00e4tsverschlu\u00df\u00a0und 5000 mL (Art.-Nr. 30010) HDPE Kanister lichtundurchl\u00e4ssig blau<\/span><\/p>\n<p>[\/vc_column_text][\/vc_column][\/vc_row][vc_row full_width=&#8220;full_width_content&#8220; animation_type=&#8220;h&#8220; vertical_animation=&#8220;top-animation&#8220;][vc_column][vc_text_separator title=&#8220;Basiswissen zum Produkt&#8220;][\/vc_column][\/vc_row][vc_row full_width=&#8220;full_width_content&#8220; animation_type=&#8220;h&#8220; vertical_animation=&#8220;top-animation&#8220;][vc_column width=&#8220;1\/6&#8243;][\/vc_column][vc_column width=&#8220;2\/3&#8243;][vc_empty_space height=&#8220;40px&#8220;][vc_custom_heading text=&#8220;Welche Aufgaben erf\u00fcllt kai geos?&#8220; font_container=&#8220;tag:h2|text_align:center|color:%239e9447&#8243; google_fonts=&#8220;font_family:PT%20Sans%3Aregular%2Citalic%2C700%2C700italic|font_style:400%20regular%3A400%3Anormal&#8220;][vc_empty_space height=&#8220;60&#8243;][vc_column_text]<\/p>\n<p style=\"text-align: justify;\"><span style=\"font-family: tahoma, arial, helvetica, sans-serif; font-size: 12pt; color: #000000;\">In\u00a0kai geos\u00a0sind mehrere mineralische Rohstoffe marinen Ursprungs in einer dem Meerwasser \u00e4hnlichen\u00a0L\u00f6sung\u00a0suspendiert, die sowohl adsorptive Filtereigenschaften aufweisen, als auch durch die Anlagerung von im Wasser treibenden partikul\u00e4ren Tr\u00fcbstoffen die Absch\u00e4umleistung deutlich steigern. Nach der Dosierung erzeugt Dein\u00a0Absch\u00e4umer dichteren Schaum\u00a0und\u00a0sorgt\u00a0f\u00fcr eine\u00a0zunehmende Wassertransparenz.<\/span><\/p>\n<p style=\"text-align: justify;\"><span style=\"font-family: tahoma, arial, helvetica, sans-serif; font-size: 12pt; color: #000000;\">Dar\u00fcber hinaus werden Deinem\u00a0Riffaquarium partikul\u00e4r gebundene Mikron\u00e4hrstoffe zugef\u00fchrt, die das Bakterienwachstum insbesondere in <strong>Biofilmen (Begriffserkl\u00e4rung\u00a0siehe erweitertes Wissen\u00a0weiter unten)<\/strong> beschleunigen und damit v.a. auch die Abbauraten von Detritus steigern k\u00f6nnen. Eine ein- zweimalige Dosierung pro Woche ist zur Gesunderhaltung der Aquarienmikrobiologie in Deinem\u00a0Riffaquarium wichtig.<\/span><\/p>\n<p style=\"text-align: justify;\"><span style=\"font-family: tahoma, arial, helvetica, sans-serif; font-size: 12pt; color: #000000;\">Insbesondere in organisch stark belasteten Fischaquarien und vor allem in Artenbecken mit vielen azooxanthellaten Korallen und filtrierenden Wirbellosen, l\u00e4\u00dft sich der Anteil an Detritus und Mulm (partikul\u00e4res organisches Material, kurz POM) durch\u00a0kai geos\u00a0besser kontrollieren.<\/span><\/p>\n<p style=\"text-align: justify;\"><span style=\"font-family: tahoma, arial, helvetica, sans-serif; font-size: 12pt; color: #000000;\">Der hohe Anteil an Kalk- und Magnesiumpartikeln aus biogenen Quellen in\u00a0kai geos\u00a0liefert nicht nur Deinen filtrierenden Organismen wie Muscheln und auch Steinkorallen ein geeignetes Material zur Skelettbildung, sondern f\u00fchrt auch z.B. im Bodengrund und auf der Oberfl\u00e4che der lebenden Steine zu einer Steigerung des Mikrobenwachstums.<\/span><\/p>\n<p style=\"text-align: justify;\"><span style=\"font-family: tahoma, arial, helvetica, sans-serif; font-size: 12pt; color: #000000;\">Eine wesentliche Funktion des kai geos ist die effektive Bindung von im\u00a0Wasser in zu hoher Dichte vorliegender Keime, was insbesondere in organisch belasteten Riffaquarien relevant ist. Dadurch sinkt die Keimzahlbelastung im Wasser und sorgt so f\u00fcr nat\u00fcrliche und gesunde Umgebungsbedingungen.<\/span><\/p>\n<p style=\"text-align: justify;\"><span style=\"font-family: tahoma, arial, helvetica, sans-serif; font-size: 12pt; color: #000000;\">Gleicherma\u00dfen verbinden sich ausgeschwemmte Biofilm-Mikroben in der Wassers\u00e4ule mit den feinen Substratpartikeln aus\u00a0kai geos\u00a0und k\u00f6nnen dann erneut auf neuen Steinoberfl\u00e4chen siedeln. Diese Bakterien-Substratpartikel werden durch die Str\u00f6mung beschleunigt und bewirken\u00a0beim Auftreffen auf die Dekorationsoberfl\u00e4che\u00a0eine mechanische St\u00f6rung der bestehenden Biofilme. Es ist m\u00f6glich, dass auf diese Weise\u00a0eine neue Mikrobenart in einen bestehenden Biofilm hineingelangt (intrudiert) und sich bei gegebener Kompetitivit\u00e4t auch vermehren und\u00a0die\u00a0Biofilmstruktur langfristig ver\u00e4ndern kann.\u00a0Dadurch k\u00f6nnen\u00a0langfristig die Biofilme in Deinem Riffaquarium auf einem hohen organismischen und somit auch\u00a0produktivem Niveau gehalten werden. Die\u00a0Wirkung von kai geos\u00a0als Bio-Aktivator\u00a0beugt einer Verarmung an Biofilm-Organismen vor und spielt somit bei der Aufrechterhaltung einer hohen Arten- und Organismenvielfalt gem\u00e4\u00df der SANGOKAI Funktionalit\u00e4t eine mit entscheidende Rolle.<\/span><\/p>\n<p style=\"text-align: justify;\"><span style=\"font-family: tahoma, arial, helvetica, sans-serif; font-size: 12pt; color: #000000;\">kai geos\u00a0ist eine Mineralstoffsuspension, die Du\u00a0<strong>vor Gebrauch gut sch\u00fctteln<\/strong>\u00a0musst. Gr\u00f6bere Bestandteile\u00a0sedimentieren sehr schnell wieder in der Produktflasche, so dass Du\u00a0nur die fl\u00fcssige, milchige Phase ins Aquarium dosierst. Dar\u00fcber hinaus kannst Du ganz individuell aber auch mit einer geeigneten Pasteurpipette das abgelagerte Sediment aus der Flasche aufsaugen und ebenfalls ins Aquarium dosieren. Circa 0,5 &#8211; 1 mL Sediment kannst\u00a0Du zus\u00e4tzlich zur Fl\u00fcssigphasendosierung ca. alle 2-3 Wochen dem Riffaquarium erg\u00e4nzen.<\/span><\/p>\n<p>[\/vc_column_text][\/vc_column][vc_column width=&#8220;1\/6&#8243;][\/vc_column][\/vc_row][vc_row full_width=&#8220;full_width_content&#8220; animation_type=&#8220;h&#8220; vertical_animation=&#8220;top-animation&#8220;][vc_column][vc_text_separator title=&#8220;Erweitertes Wissen zum Produkt&#8220;][\/vc_column][\/vc_row][vc_row full_width=&#8220;full_width_content&#8220; animation_type=&#8220;h&#8220; vertical_animation=&#8220;top-animation&#8220;][vc_column width=&#8220;1\/6&#8243;][\/vc_column][vc_column width=&#8220;2\/3&#8243;][vc_custom_heading text=&#8220;Was sind Biofilme und welche Bedeutung haben sie?&#8220; font_container=&#8220;tag:h2|text_align:center|color:%239e9447&#8243; google_fonts=&#8220;font_family:PT%20Sans%3Aregular%2Citalic%2C700%2C700italic|font_style:400%20regular%3A400%3Anormal&#8220;][vc_empty_space height=&#8220;60px&#8220;][vc_column_text]<\/p>\n<p style=\"text-align: justify;\"><span style=\"font-family: tahoma, arial, helvetica, sans-serif; font-size: 12pt; color: #000000;\">Als Biofilm bezeichnet man einen lebenden und von mikroskopisch kleinen Organismen wie Bakterien, Pilzen oder Mikroalgen\u00a0erzeugten Aufwuchs auf einem Siedlungssubstrat. Meist wird vereinfacht von einem &#8222;Bakterienrasen&#8220; gesprochen, was allerdings nicht ganz der Wahrheit entspricht: im Laufe der Zeit entwickelt sich eine sehr komplexe und v.a. sich dynamisch ver\u00e4ndernde Organismengemeinschaft. Es ist nicht nur ein einziges Bakterium in einem solchen Biofilm, sonder viele verschiedene. Es siedeln sich wiederum andere Mikroben an und ver\u00e4ndern daher den Biofilm sehr schnell und in Abh\u00e4ngigkeit von den jeweiligen Umgebungsbedingungen. Dazu z\u00e4hlt die Str\u00f6mung und die Beleuchtung. Im Licht wird ein Biofilm oft vermehrt von photosynthetischen Mikroalgen besiedelt.<\/span><\/p>\n<p style=\"text-align: justify;\"><span style=\"font-family: tahoma, arial, helvetica, sans-serif; font-size: 12pt; color: #000000;\"><img loading=\"lazy\" decoding=\"async\" title=\"\" src=\"http:\/\/www.sangokai.org\/fileupload\/Fotos\/Biofilme01.jpg\" alt=\"\" width=\"1920\" height=\"1080\" \/><\/span><\/p>\n<p style=\"text-align: justify;\"><span style=\"font-family: tahoma, arial, helvetica, sans-serif; font-size: 12pt; color: #000000;\"><em>Foto: Das Foto\u00a0zeigt einen Riffblock\u00a0im Roten Meer in einer Sandzone\u00a0bei Shaab El Erg \u00f6stlich\u00a0von Hurghada in ca. 12 m Tiefe.\u00a0In der Natur ist jeder Stein mit einem mikrobiellen Biofilm bewachsen. Solche Bel\u00e4ge sind Nahrungsgrundlage f\u00fcr eine Vielzahl von Organismen und damit wichtig f\u00fcr die Entstehung komplexer Nahrungsketten. Auf dem Foto sind die oft durchsichtigen und filamentartigen Bel\u00e4ge sehr gut erkennbar. Foto: (c) J\u00f6rg Kokott\/SANGOKAI.<\/em><\/span><\/p>\n<p style=\"text-align: justify;\"><span style=\"font-family: tahoma, arial, helvetica, sans-serif; font-size: 12pt; color: #000000;\">Die meisten Riffaquarien zeigen\u00a0im Vergleich zur\u00a0Natur eine nur sehr sp\u00e4rliche Biofilm-Entwicklung auf den Dekorationsoberfl\u00e4chen. Das liegt z.B. daran, dass in dem relativ kleinen Beh\u00e4ltnis Riffaquarium die Aktivit\u00e4t der Weideg\u00e4nger teilweise sehr\u00a0hoch ist, so dass Schnecken oder Einsiedlerkrebse bis hin zu Fischen die Biofilme schneller abweiden, als das diese nachwachsen k\u00f6nnten.<\/span><\/p>\n<p style=\"text-align: justify;\"><span style=\"font-family: tahoma, arial, helvetica, sans-serif; color: #000000; font-size: 12pt;\">Ganz wesentlich\u00a0h\u00e4ngt es aber damit zusammen, dass wir\u00a0eine spezielle Versorgung mit unterschiedlichen organischen N\u00e4hrstoffen ben\u00f6tigen, um die verschiedenen Biofilm-Bildner wie z.B. heterotrophe Bakterien zu ern\u00e4hren.\u00a0Bel\u00e4ge, wie sie wie auf dem oben gezeigten Foto in der Natur ganz nat\u00fcrlich und allgegenw\u00e4rtig sind, erscheinen uns im Riffaquarium oft als Problem und als Plage. Meistens wird schon bei dem geringsten Aufkommen von bakteriellen Biofilmen gefragt:&#8220; Ich habe da so einen komischen Belag. Wie bekomme ich den weg?&#8220;<\/span><\/p>\n<p style=\"text-align: justify;\"><span style=\"font-family: tahoma, arial, helvetica, sans-serif; font-size: 12pt; color: #000000;\">Es wird leider viel zu wenig verstanden, dass das Korallenriff\u00a0nicht nur aus Korallen besteht. Den gr\u00f6\u00dften Biomasseanteil im Riff stellen nicht die Korallen dar. Sondern Bakterien, Mikroalgen, Schw\u00e4mmen und vielen anderen kryptischen Organismen, die wir gar nicht wahrnehmen.<\/span><\/p>\n<p style=\"text-align: justify;\"><span style=\"font-family: tahoma, arial, helvetica, sans-serif; font-size: 12pt; color: #000000;\">Die Biofilme sind Nahrungsgrundlage f\u00fcr eine Vielzahl verschiedener Organismen, darunter auch mikroskopisch kleine Tiere. Sie werden nicht nur\u00a0von\u00a0Weideg\u00e4ngern wie Fischen oder Schnecken gefressen, sondern auch von kleinsten Krebsen wie z.B. Isopoden oder den sesshaften, harpacticoiden Copepoden.\u00a0Dazu gesellen sich\u00a0oft auch kleine freilebenden W\u00fcrmer, kleine R\u00f6hrenw\u00fcrmer oder auch Schw\u00e4mme. Insgesamt ergibt sich im Biofilm eine Multi-Kulti-Gemeinschaft aus ganz unterschiedlichen Organismen, die gegenseitig voneinander profitieren.<\/span><\/p>\n<p style=\"text-align: justify;\"><span style=\"font-family: tahoma, arial, helvetica, sans-serif; font-size: 12pt; color: #000000;\">Ganz wichtig und f\u00fcr den riffaquaristischen Betrieb entscheidend ist die Tatsache, dass ein gesunder und wachsender Biofilm auch stetig N\u00e4hrstoffe aus dem Wasser aufnimmt. Nicht nur Nitrat und Phosphat werden hier verbraucht, sondern z.B. auch Spurenmetalle wie Eisen. Auch potentiell giftige (toxische)\u00a0Spurenmetalle wie Kupfer, die in h\u00f6heren Konzentrationen schnell giftig wirken, werden \u00fcber Biofilme vermehrt aufgenommen, so dass ein Riffaquarium dahingehend weitaus unempfindlicher gegen\u00fcber zu hohen Spurenmetallen ist.<\/span><\/p>\n<p style=\"text-align: justify;\"><span style=\"font-family: tahoma, arial, helvetica, sans-serif; font-size: 12pt; color: #000000;\">Da die Entstehung der mikrobiellen Biofilme v.a. von\u00a0der gleichbleibenden\u00a0Verf\u00fcgbarkeit von vielen verschiedenen gel\u00f6sten organischen Kohlenstoffverbindungen abh\u00e4ngt, ist eine ausreichende Versorgung Grundvoraussetzung. Das SANGOKAI BASIS-System \u00fcbernimmt diese Funktion. kai geos tr\u00e4gt auf dieser Grundlage dazu bei, dass die Biofilme mechanisch gest\u00f6rt und damit langfristig &#8222;fit&#8220; gehalten werden.<\/span><\/p>\n<p>[\/vc_column_text][\/vc_column][vc_column width=&#8220;1\/6&#8243;][\/vc_column][\/vc_row][vc_row full_width=&#8220;full_width_content&#8220; animation_type=&#8220;h&#8220; vertical_animation=&#8220;top-animation&#8220;][vc_column][vc_text_separator title=&#8220;Produkt Spezifikationen&#8220;][\/vc_column][\/vc_row][vc_row full_width=&#8220;full_width_content&#8220; animation_type=&#8220;h&#8220; vertical_animation=&#8220;top-animation&#8220;][vc_column width=&#8220;1\/6&#8243;][\/vc_column][vc_column width=&#8220;2\/3&#8243;][vc_column_text]<\/p>\n<p style=\"text-align: left;\"><span style=\"font-family: verdana, geneva; color: #6e6e6e; font-size: 14px;\"><strong>Inhaltsstoffe\/Zusammensetzung:<\/strong><\/span><\/p>\n<p style=\"text-align: left;\"><span style=\"font-family: verdana, geneva; color: #6e6e6e; font-size: 14px;\">Aquadest,\u00a0Magnesiumchlorid-Hexahydrat, Kaliumbromid, Kaliumsulfat. Verschiedene nat\u00fcrliche Kalk-Sedimente marinen Ursprungs, mikronisierter Zeolith, Bentonit.<\/span><\/p>\n<p style=\"text-align: left;\"><span style=\"font-family: verdana, geneva; color: #6e6e6e; font-size: 14px;\"><strong>Dosierempfehlung: <\/strong><\/span><\/p>\n<p style=\"text-align: left;\"><span style=\"font-family: verdana, geneva; color: #000000; font-size: 14px;\"><strong>Beachte\u00a0bitte\u00a0die Anleitung zum BASIS-System in der Kategorie SANGOKAI Anwendung sowie den BASIS-Dosierplan.<\/strong><\/span><\/p>\n<p style=\"text-align: left;\"><span style=\"color: #6e6e6e; font-family: verdana, geneva; font-size: 14px;\"><strong>5 mL\/100 L 1x w\u00f6chentlich. Bei hoher organischer Belastung maximal 2x w\u00f6chentlich 5 mL\/100 L.\u00a0<\/strong><\/span><\/p>\n<p style=\"text-align: left;\"><span style=\"color: #6e6e6e; font-family: verdana, geneva; font-size: 14px;\"><strong>Die Dosierung soll mit laufendem Absch\u00e4umer erfolgen! Au\u00dfnahme davon ist die Applikation parallel zu Bakterienpr\u00e4paraten. In diesem Fall sollte der Absch\u00e4umer und eine UV-Anlage f\u00fcr ca. 60 min. ausgeschaltet werden, um die Bildung von Bakterien-Substrat-Komplexen und deren Sedimentierung zu erm\u00f6glichen.<\/strong><\/span><\/p>\n<p style=\"text-align: left;\"><span style=\"font-family: verdana, geneva; font-size: 14px;\"><strong><span style=\"color: #6e6e6e;\">Lagerung und Sicherheitshinweise: <\/span><\/strong><\/span><\/p>\n<p style=\"text-align: left;\"><span style=\"font-family: verdana, geneva; font-size: 14px; color: #6e6e6e;\">Bei Raumtemperatur m\u00f6glichst lichtgesch\u00fctzt aufbewahren. Von Kindern fern halten. Nicht f\u00fcr den Verzehr und zur Herstellung von Tiernahrung geeignet.<\/span><\/p>\n<p style=\"text-align: left;\"><span style=\"font-family: verdana, geneva; color: #6e6e6e; font-size: 14px;\"><strong>Chargeninformationen<\/strong>: <\/span><\/p>\n<p style=\"text-align: left;\"><span style=\"font-family: verdana, geneva; color: #6e6e6e; font-size: 14px;\">Jedes Chargenprotokoll wird zu Kontrollzwecken aufbewahrt. Die Chargennummer und das Herstellungsdatum sind auf jeder Flasche vermerkt. Bei R\u00fcckfragen zu dem Produkt gib\u00a0uns immer auch die batch-Nummer an, die Du\u00a0auf dem Produktetikett findest).<\/span><\/p>\n<p style=\"text-align: left;\"><span style=\"font-family: verdana, geneva; font-size: 14px;\"><strong><span style=\"color: #6e6e6e;\">Haltbarkeit: <\/span><\/strong><\/span><\/p>\n<p style=\"text-align: left;\"><span style=\"font-family: verdana, geneva; color: #6e6e6e; font-size: 14px;\">Entsprechend des jeweiligen Chargenetiketts mind. 24 Monate nach Herstellung bei Einhaltung der produktspezifischen Hinweise zur Lagerung. Eine verminderte Wirkungsweise kann nach Vollendung des Mindesthaltbarkeitszeitraums nicht ausgeschlossen werden.<\/span><\/p>\n<p>[\/vc_column_text][\/vc_column][vc_column width=&#8220;1\/6&#8243;][\/vc_column][\/vc_row][vc_row full_width=&#8220;full_width_content&#8220; bg_type=&#8220;bg_color&#8220; bg_color_value=&#8220;#f4f4f4&#8243; animation_type=&#8220;h&#8220; vertical_animation=&#8220;top-animation&#8220;][vc_column width=&#8220;1\/3&#8243;][vc_empty_space height=&#8220;40px&#8220;][vc_column_text]<\/p>\n<p style=\"text-align: center;\"><span style=\"color: #9e9447; font-family: verdana, geneva; font-size: 20px;\">SANGOKAI<\/span><\/p>\n<p style=\"text-align: center;\"><span style=\"color: #9e9447; font-family: verdana, geneva; font-size: 20px;\">Preisliste<\/span><\/p>\n<p>[\/vc_column_text][vc_empty_space height=&#8220;20px&#8220;]\n<span class=\"aio-icon  none \" data-animation=\"\" data-animation-delay=\"0\" style=\"color:#3aa500;font-size:50px;\" >\n\t<i class=\"picons-text2\"><\/i>\n<\/span>[vc_empty_space height=&#8220;20px&#8220;][vc_column_text]<\/p>\n<p style=\"text-align: center;\"><span style=\"font-family: verdana, geneva; font-size: 16px; color: #6e6e6e;\">Hier findest\u00a0Du\u00a0den Verkaufspreis f\u00fcr Dein SANGOKAI Produkt!<\/span><\/p>\n<p>[\/vc_column_text][vc_empty_space height=&#8220;20px&#8220;][vc_btn title=&#8220;Download Preisliste&#8220; shape=&#8220;round&#8220; color=&#8220;green&#8220; link=&#8220;url:http%3A%2F%2Fwww.sangokai.org%2Ffileupload%2FSANGOKAI_Endkundenpreisliste.pdf||target:%20_blank&#8220;][vc_empty_space height=&#8220;40px&#8220;][\/vc_column][vc_column width=&#8220;1\/3&#8243; css=&#8220;.vc_custom_1426084735406{border-right-width: 2px !important;border-left-width: 2px !important;border-left-color: #ffffff !important;border-left-style: solid !important;border-right-color: #ffffff !important;border-right-style: solid !important;}&#8220;][vc_empty_space height=&#8220;40px&#8220;][vc_column_text]<\/p>\n<p style=\"text-align: center;\"><span style=\"color: #9e9447; font-family: verdana, geneva; font-size: 20px;\">SANGOKAI<\/span><\/p>\n<p style=\"text-align: center;\"><span style=\"color: #9e9447; font-family: verdana, geneva; font-size: 20px;\">Support-Forum<\/span><\/p>\n<p>[\/vc_column_text][vc_empty_space height=&#8220;20px&#8220;]\n<span class=\"aio-icon  none \" data-animation=\"\" data-animation-delay=\"0\" style=\"color:#1e73be;font-size:50px;\" >\n\t<i class=\"picons-computer2\"><\/i>\n<\/span>[vc_empty_space height=&#8220;20px&#8220;][vc_column_text]<\/p>\n<p style=\"text-align: center;\"><span style=\"font-family: verdana, geneva; font-size: 16px; color: #6e6e6e;\">Hier kannst Du Dich mit anderen SANGOKAI Nutzern austauschen!<\/span><\/p>\n<p>[\/vc_column_text][vc_empty_space height=&#8220;20px&#8220;][vc_btn title=&#8220;SANGOKAI Forum&#8220; shape=&#8220;round&#8220; color=&#8220;primary&#8220; link=&#8220;url:http%3A%2F%2Fwww.sangokai.org%2Fforum%2Fapp.php%2Fportal||target:%20_blank&#8220;][vc_empty_space height=&#8220;40px&#8220;][\/vc_column][vc_column width=&#8220;1\/3&#8243;][vc_empty_space height=&#8220;40px&#8220;][vc_column_text]<\/p>\n<p style=\"text-align: center;\"><span style=\"color: #9e9447; font-family: verdana, geneva; font-size: 20px;\">SANGOKAI<\/span><\/p>\n<p style=\"text-align: center;\"><span style=\"color: #9e9447; font-family: verdana, geneva; font-size: 20px;\">Anleitungen<\/span><\/p>\n<p>[\/vc_column_text][vc_empty_space height=&#8220;20px&#8220;]\n<span class=\"aio-icon  none \" data-animation=\"\" data-animation-delay=\"0\" style=\"color:#dd9933;font-size:50px;\" >\n\t<i class=\"picons-gearbox\"><\/i>\n<\/span>[vc_empty_space height=&#8220;20px&#8220;][vc_column_text]<\/p>\n<p style=\"text-align: center;\"><span style=\"font-family: verdana, geneva; font-size: 16px; color: #6e6e6e;\">Hier findest\u00a0Du Produktanleitungen und n\u00fctzliche Praxis-Tipps!<\/span><\/p>\n<p>[\/vc_column_text][vc_empty_space height=&#8220;20px&#8220;][vc_btn title=&#8220;SANGOKAI Anwendung&#8220; shape=&#8220;round&#8220; color=&#8220;warning&#8220; link=&#8220;url:http%3A%2F%2Fsangokai.org%2F%3Fpage_id%3D8||&#8220;][vc_empty_space height=&#8220;40px&#8220;][\/vc_column][\/vc_row]<\/p>\n","protected":false},"excerpt":{"rendered":"<p>[vc_row full_width=&#8220;full_width_content&#8220; animation_type=&#8220;h&#8220; vertical_animation=&#8220;top-animation&#8220;][vc_column][vc_empty_space height=&#8220;150px&#8220;][vc_custom_heading text=&#8220;kai geos&#8220; font_container=&#8220;tag:h2|font_size:45|text_align:center|color:%236e6e6e&#8220; google_fonts=&#8220;font_family:PT%20Sans%3Aregular%2Citalic%2C700%2C700italic|font_style:400%20regular%3A400%3Anormal&#8220;][vc_empty_space height=&#8220;20px&#8220;][vc_custom_heading text=&#8220;BASIS-Komponente #5&#8243; font_container=&#8220;tag:h2|text_align:center|color:%236e6e6e&#8220; google_fonts=&#8220;font_family:PT%20Sans%3Aregular%2Citalic%2C700%2C700italic|font_style:400%20regular%3A400%3Anormal&#8220;][\/vc_column][\/vc_row][vc_row][vc_column][vc_empty_space height=&#8220;20px&#8220;][vc_text_separator title=&#8220;Produkt Steckbrief&#8220;][vc_empty_space height=&#8220;20px&#8220;][\/vc_column][\/vc_row][vc_row][vc_column width=&#8220;1\/2&#8243;][vc_single_image image=&#8220;8183&#8243; img_size=&#8220;medium&#8220; alignment=&#8220;center&#8220;][\/vc_column][vc_column width=&#8220;1\/2&#8243;][vc_custom_heading text=&#8220;kai geos&#8220; font_container=&#8220;tag:h2|text_align:left|color:%239e9447&#8243; google_fonts=&#8220;font_family:PT%20Sans%3Aregular%2Citalic%2C700%2C700italic|font_style:400%20regular%3A400%3Anormal&#8220;][vc_column_text] Partikul\u00e4re mineralische Feinststoffe mit Kolloidfraktionen zur Steigerung der mikrobiologischen Variabilit\u00e4t und Biofilmentwicklung &#8211; Komponente #5 im\u00a0SANGOKAI BASIS-System. &#8211;&hellip;  <\/p>\n<div class=\"read-more-button\"><a class=\"button\" href=\"http:\/\/sangokai.org\/?page_id=4891\" title=\"Read kai geos\">Mehr lesen<\/a><\/div>\n","protected":false},"author":1,"featured_media":0,"parent":4173,"menu_order":0,"comment_status":"closed","ping_status":"open","template":"page-templates\/no-stunning.php","meta":{"footnotes":""},"class_list":["post-4891","page","type-page","status-publish","hentry"," init "],"_links":{"self":[{"href":"http:\/\/sangokai.org\/index.php?rest_route=\/wp\/v2\/pages\/4891","targetHints":{"allow":["GET"]}}],"collection":[{"href":"http:\/\/sangokai.org\/index.php?rest_route=\/wp\/v2\/pages"}],"about":[{"href":"http:\/\/sangokai.org\/index.php?rest_route=\/wp\/v2\/types\/page"}],"author":[{"embeddable":true,"href":"http:\/\/sangokai.org\/index.php?rest_route=\/wp\/v2\/users\/1"}],"replies":[{"embeddable":true,"href":"http:\/\/sangokai.org\/index.php?rest_route=%2Fwp%2Fv2%2Fcomments&post=4891"}],"version-history":[{"count":40,"href":"http:\/\/sangokai.org\/index.php?rest_route=\/wp\/v2\/pages\/4891\/revisions"}],"predecessor-version":[{"id":9632,"href":"http:\/\/sangokai.org\/index.php?rest_route=\/wp\/v2\/pages\/4891\/revisions\/9632"}],"up":[{"embeddable":true,"href":"http:\/\/sangokai.org\/index.php?rest_route=\/wp\/v2\/pages\/4173"}],"wp:attachment":[{"href":"http:\/\/sangokai.org\/index.php?rest_route=%2Fwp%2Fv2%2Fmedia&parent=4891"}],"curies":[{"name":"wp","href":"https:\/\/api.w.org\/{rel}","templated":true}]}}