{"id":9422,"date":"2016-12-01T18:28:28","date_gmt":"2016-12-01T18:28:28","guid":{"rendered":"http:\/\/sangokai.org\/?page_id=9422"},"modified":"2023-10-21T12:23:19","modified_gmt":"2023-10-21T12:23:19","slug":"nano-basis-system-version-2","status":"publish","type":"page","link":"https:\/\/sangokai.org\/?page_id=9422","title":{"rendered":"NANO BASIS-System Version 2"},"content":{"rendered":"<p>[vc_row parallax_content=&#8220;parallax_content_value&#8220; parallax_content_sense=&#8220;20&#8243;][vc_column width=&#8220;1\/6&#8243;][vc_column_text]<br \/>\n[\/vc_column_text][\/vc_column][vc_column width=&#8220;2\/3&#8243;][vc_empty_space height=&#8220;100px&#8220;][vc_custom_heading text=&#8220;SANGOKAI NANO BASIS-System&#8220; font_container=&#8220;tag:h2|font_size:40|text_align:center|color:%236e6e6e&#8220; google_fonts=&#8220;font_family:PT%20Sans%3Aregular%2Citalic%2C700%2C700italic|font_style:400%20regular%3A400%3Anormal&#8220;][vc_empty_space height=&#8220;40px&#8220;][vc_custom_heading text=&#8220;Die weiterentwickelte NANO BASIS-Versorgung<br \/>\nf\u00fcr Dein Nanoriffaquarium.&#8220; font_container=&#8220;tag:h2|font_size:30|text_align:center|color:%236e6e6e&#8220; google_fonts=&#8220;font_family:PT%20Sans%3Aregular%2Citalic%2C700%2C700italic|font_style:400%20regular%3A400%3Anormal&#8220;][vc_empty_space height=&#8220;20px&#8220;][vc_custom_heading text=&#8220;Kompakt. Wirkungsvoll. Einfach.&#8220; font_container=&#8220;tag:h2|font_size:30|text_align:center|color:%236e6e6e&#8220; google_fonts=&#8220;font_family:PT%20Sans%3Aregular%2Citalic%2C700%2C700italic|font_style:400%20regular%3A400%3Anormal&#8220;][vc_empty_space height=&#8220;40px&#8220;][\/vc_column][vc_column width=&#8220;1\/6&#8243;][vc_column_text]<br \/>\n[\/vc_column_text][\/vc_column][\/vc_row][vc_row parallax_content=&#8220;parallax_content_value&#8220; parallax_content_sense=&#8220;20&#8243;][vc_column width=&#8220;1\/2&#8243;][vc_single_image image=&#8220;9706&#8243; img_size=&#8220;medium&#8220; alignment=&#8220;center&#8220;][\/vc_column][vc_column width=&#8220;1\/2&#8243;][vc_empty_space height=&#8220;80&#8243;][vc_custom_heading text=&#8220;Das NANO BASIS-System schafft die Grundlage f\u00fcr die erfolgreiche Pflege Deines Nanoriffaquariums.&#8220; font_container=&#8220;tag:h2|font_size:25|text_align:left|color:%236e6e6e&#8220; google_fonts=&#8220;font_family:PT%20Sans%3Aregular%2Citalic%2C700%2C700italic|font_style:400%20regular%3A400%3Anormal&#8220;][vc_empty_space height=&#8220;20px&#8220;][vc_custom_heading text=&#8220;Es ist geeignet f\u00fcr jedes kleine Nanoriffaquarium bis 80 L und bietet Dir hier alle Vorteile, die auch das regul\u00e4re BASIS System bietet. Nur im Kleinen!&#8220; font_container=&#8220;tag:h2|font_size:25|text_align:left|color:%236e6e6e&#8220; google_fonts=&#8220;font_family:PT%20Sans%3Aregular%2Citalic%2C700%2C700italic|font_style:400%20regular%3A400%3Anormal&#8220;][\/vc_column][\/vc_row][vc_row full_width=&#8220;full_width_content&#8220;][vc_column][vc_empty_space height=&#8220;60px&#8220;][vc_text_separator title=&#8220;Allgemeines Funktionsprinzip&#8220;][\/vc_column][\/vc_row][vc_row bg_type=&#8220;bg_color&#8220;][vc_column width=&#8220;1\/2&#8243;][vc_single_image image=&#8220;11239&#8243; img_size=&#8220;medium&#8220; alignment=&#8220;center&#8220;][\/vc_column][vc_column width=&#8220;1\/2&#8243;][vc_custom_heading text=&#8220;Aufgabe und Funktion des NANO BASIS-Systems&#8220; font_container=&#8220;tag:h2|text_align:left|color:%239e9447&#8243; google_fonts=&#8220;font_family:PT%20Sans%3Aregular%2Citalic%2C700%2C700italic|font_style:400%20regular%3A400%3Anormal&#8220;][vc_column_text]<\/p>\n<hr \/>\n<p style=\"text-align: left;\"><span style=\"font-family: tahoma, arial, helvetica, sans-serif; font-size: 12pt;\">Speziell f\u00fcr Dein Nanoriffaquarium bis 80 L hat SANGOKAI das BASIS-System abgewandelt und bietet Dir das komplette System leicht zu dosieren als NANO BASIS-System in 250 mL Flaschen an.<\/span><\/p>\n<p style=\"text-align: left;\"><span style=\"font-family: tahoma, arial, helvetica, sans-serif; font-size: 12pt;\">Das NANO BASIS-System besteht aus der Produktomponente NANO BASIS #1 als kombinierte N\u00e4hrstoffl\u00f6sung, in der alle organischen Mikron\u00e4hrstoffe und anorganischen Spurenmetalle des regul\u00e4ren BASIS-Systems in einer vereinfachten All-in-One Kombination zusammengefasst sind. Dazu erh\u00e4ltst Du die regul\u00e4re BASIS #3 Mineralstoffversorgung als separates Produkt NANO BASIS #2. Durch die Kombination aus BASIS #1 und #2 als All-in-One L\u00f6sung, besteht das NANO BASIS-System nur aus 2 Flaschen.\u00a0<\/span><\/p>\n<p style=\"text-align: left;\"><span style=\"font-family: tahoma, arial, helvetica, sans-serif; font-size: 12pt;\">Mit dem\u00a0NANO BASIS-System\u00a0etablierst\u00a0Du die gleichen Wirk- und Funktionsprinzipien wie mit dem regul\u00e4ren\u00a0BASIS-System, aber mit\u00a0einer f\u00fcr Dein Nanoriffaquarium optimierten Konzentration und Dosierung, die eine sichere Anwendung gew\u00e4hrleistet.<\/span><\/p>\n<p>[\/vc_column_text][\/vc_column][\/vc_row][vc_row content_placement=&#8220;middle&#8220;][vc_column][vc_empty_space height=&#8220;20px&#8220;][vc_custom_heading text=&#8220;Das NANO BASIS-System besteht aus der NANO BASIS #1 All-in-One N\u00e4hrstoffl\u00f6sung und NANO BASIS #2 als marine Mineralstoffsuspension.&#8220; font_container=&#8220;tag:h2|font_size:35|text_align:center|color:%236e6e6e&#8220; google_fonts=&#8220;font_family:PT%20Sans%3Aregular%2Citalic%2C700%2C700italic|font_style:400%20regular%3A400%3Anormal&#8220;][\/vc_column][\/vc_row][vc_row][vc_column width=&#8220;1\/2&#8243;][vc_empty_space height=&#8220;50px&#8220;][vc_single_image image=&#8220;9711&#8243; img_size=&#8220;medium&#8220; alignment=&#8220;center&#8220;][\/vc_column][vc_column width=&#8220;1\/2&#8243;][vc_empty_space height=&#8220;40px&#8220;][vc_custom_heading text=&#8220;NANO BASIS #1&#8243; font_container=&#8220;tag:h2|text_align:left|color:%239e9447&#8243; google_fonts=&#8220;font_family:PT%20Sans%3Aregular%2Citalic%2C700%2C700italic|font_style:400%20regular%3A400%3Anormal&#8220;][vc_column_text]<\/p>\n<hr \/>\n<p style=\"text-align: left;\"><span style=\"font-family: tahoma, arial, helvetica, sans-serif; font-size: 12pt;\">Das NANO BASIS-System wurde auf Grundlage des regul\u00e4ren BASIS-Systems entwickelt und zielt auf eine identische Funktions- und Wirkungsweise bei gleichzeitiger Vereinfachung und Anpassung der Dosiermengen f\u00fcr Nanoriffaquarien bis 80 L Nettovolumen ab.<\/span><\/p>\n<p style=\"text-align: left;\"><span style=\"font-family: tahoma, arial, helvetica, sans-serif; font-size: 12pt;\">NANO BASIS #1 ist eine All-in-One N\u00e4hrstoffl\u00f6sung und beinhaltet sowohl die organischen Mikron\u00e4hrstoffe aus dem regul\u00e4ren BASIS #1, als auch die anorganischen Spurenmetalle aus BASIS #2. Diese Kombinationsl\u00f6sung ist leicht abgewandelt und spezialisiert auf die Anforderungen, die kleine Nanoriffaquarien an eine optimale N\u00e4hrstoffversorgung stellen.<\/span><\/p>\n<p style=\"text-align: left;\"><strong><span style=\"font-family: tahoma, arial, helvetica, sans-serif; font-size: 12pt;\">Konzentrat, daher sehr ergiebig. Dosierung: 0,25 &#8211; 0,5 mL pro 20 L t\u00e4glich.<\/span><\/strong><\/p>\n<p>[\/vc_column_text][vc_empty_space height=&#8220;20px&#8220;][vc_btn title=&#8220;gleich kaufen&#8220; color=&#8220;warning&#8220; link=&#8220;url:https%3A%2F%2Fsangokai.org%2Fsangokai-shop%2Fnano-basis-system%2F||target:%20_blank|&#8220;][\/vc_column][\/vc_row][vc_row][vc_column width=&#8220;1\/2&#8243;][vc_empty_space height=&#8220;50px&#8220;][vc_single_image image=&#8220;9712&#8243; img_size=&#8220;medium&#8220; alignment=&#8220;center&#8220;][\/vc_column][vc_column width=&#8220;1\/2&#8243;][vc_empty_space height=&#8220;40px&#8220;][vc_custom_heading text=&#8220;NANO BASIS #2&#8243; font_container=&#8220;tag:h2|text_align:left|color:%239e9447&#8243; google_fonts=&#8220;font_family:PT%20Sans%3Aregular%2Citalic%2C700%2C700italic|font_style:400%20regular%3A400%3Anormal&#8220;][vc_column_text]<\/p>\n<hr \/>\n<p style=\"text-align: left;\"><span style=\"font-family: tahoma, arial, helvetica, sans-serif; font-size: 12pt;\">NANO BASIS #2 ist die partikul\u00e4re Mineralstoffversorgung aus dem regul\u00e4ren BASIS-System, angepasst an die Dosierung und Bed\u00fcrfnisse von Nanoriffaquarien.<\/span><\/p>\n<p style=\"text-align: left;\"><span style=\"font-family: tahoma, arial, helvetica, sans-serif; font-size: 12pt;\">Die partikul\u00e4ren Bestandteile liefern wichtigen marinen Kalk f\u00fcr filtrierende Organismen wie z.B. Kalkschw\u00e4mme und Muscheln und regen das Kalkrotalgenwachstum an. Die Biofilmentwicklung und Biofilmkontrolle ist wie im regul\u00e4re BASIS-System Hauptaufgabe von NANO BASIS #2 und ist die funktionelle Basis f\u00fcr eine gesunde Biofilm- und Mikrobenentwicklung.<\/span><\/p>\n<p style=\"text-align: left;\"><strong><span style=\"font-family: tahoma, arial, helvetica, sans-serif; font-size: 12pt;\">Dosierung: 2x pro Woche 2 mL pro 20 L.<\/span><\/strong><\/p>\n<p>[\/vc_column_text][vc_empty_space height=&#8220;20px&#8220;][vc_btn title=&#8220;gleich kaufen&#8220; color=&#8220;warning&#8220; link=&#8220;url:https%3A%2F%2Fsangokai.org%2Fsangokai-shop%2Fnano-basis-system%2F||target:%20_blank|&#8220;][\/vc_column][\/vc_row][vc_row full_width=&#8220;full_width_content&#8220;][vc_column][vc_text_separator title=&#8220;Anwendung der SANGOKAI NANO BASIS-Produkte&#8220;][\/vc_column][\/vc_row][vc_row full_width=&#8220;full_width_content&#8220; bg_type=&#8220;bg_color&#8220; bg_color_value=&#8220;#f4f4f4&#8243;][vc_column width=&#8220;1\/4&#8243;][vc_column_text]<br \/>\n[\/vc_column_text][\/vc_column][vc_column width=&#8220;1\/2&#8243;][vc_empty_space]\n<span class=\"aio-icon  none \" data-animation=\"\" data-animation-delay=\"0\" style=\"color:#1e73be;font-size:50px;\" >\n\t<i class=\"picons-color\"><\/i>\n<\/span>[vc_empty_space][vc_custom_heading text=&#8220;Zur Anwendung Deines NANO BASIS-Systems haben wir Dir auf unserer Webseite eine eigene Kategorie mit allen wichtigen Informationen, praktischen Tipps und Hilfestellungen eingerichtet.&#8220; font_container=&#8220;tag:h2|font_size:30|text_align:center|color:%236e6e6e&#8220; google_fonts=&#8220;font_family:PT%20Sans%3Aregular%2Citalic%2C700%2C700italic|font_style:400%20regular%3A400%3Anormal&#8220;][vc_empty_space height=&#8220;40px&#8220;][vc_btn title=&#8220;Anwendung NANO BASIS-System&#8220; style=&#8220;3d&#8220; color=&#8220;green&#8220; link=&#8220;url:http%3A%2F%2Fsangokai.org%2F%3Fpage_id%3D9462||&#8220;][vc_empty_space height=&#8220;60px&#8220;][\/vc_column][vc_column width=&#8220;1\/4&#8243;][vc_column_text]<br \/>\n[\/vc_column_text][\/vc_column][\/vc_row]<\/p>","protected":false},"excerpt":{"rendered":"<p>[vc_row parallax_content=&#8220;parallax_content_value&#8220; parallax_content_sense=&#8220;20&#8243;][vc_column width=&#8220;1\/6&#8243;][vc_column_text] [\/vc_column_text][\/vc_column][vc_column width=&#8220;2\/3&#8243;][vc_empty_space height=&#8220;100px&#8220;][vc_custom_heading text=&#8220;SANGOKAI NANO BASIS-System&#8220; font_container=&#8220;tag:h2|font_size:40|text_align:center|color:%236e6e6e&#8220; google_fonts=&#8220;font_family:PT%20Sans%3Aregular%2Citalic%2C700%2C700italic|font_style:400%20regular%3A400%3Anormal&#8220;][vc_empty_space height=&#8220;40px&#8220;][vc_custom_heading text=&#8220;Die weiterentwickelte NANO BASIS-Versorgung f\u00fcr Dein Nanoriffaquarium.&#8220; font_container=&#8220;tag:h2|font_size:30|text_align:center|color:%236e6e6e&#8220; google_fonts=&#8220;font_family:PT%20Sans%3Aregular%2Citalic%2C700%2C700italic|font_style:400%20regular%3A400%3Anormal&#8220;][vc_empty_space height=&#8220;20px&#8220;][vc_custom_heading text=&#8220;Kompakt. Wirkungsvoll. Einfach.&#8220; font_container=&#8220;tag:h2|font_size:30|text_align:center|color:%236e6e6e&#8220; google_fonts=&#8220;font_family:PT%20Sans%3Aregular%2Citalic%2C700%2C700italic|font_style:400%20regular%3A400%3Anormal&#8220;][vc_empty_space height=&#8220;40px&#8220;][\/vc_column][vc_column width=&#8220;1\/6&#8243;][vc_column_text] [\/vc_column_text][\/vc_column][\/vc_row][vc_row parallax_content=&#8220;parallax_content_value&#8220; parallax_content_sense=&#8220;20&#8243;][vc_column width=&#8220;1\/2&#8243;][vc_single_image image=&#8220;9706&#8243; img_size=&#8220;medium&#8220; alignment=&#8220;center&#8220;][\/vc_column][vc_column width=&#8220;1\/2&#8243;][vc_empty_space height=&#8220;80&#8243;][vc_custom_heading text=&#8220;Das NANO BASIS-System schafft die Grundlage&hellip;  <\/p>\n<div class=\"read-more-button\"><a class=\"button\" href=\"https:\/\/sangokai.org\/?page_id=9422\" title=\"Read NANO BASIS-System Version 2\">Mehr lesen<\/a><\/div>\n","protected":false},"author":1,"featured_media":0,"parent":6,"menu_order":0,"comment_status":"closed","ping_status":"open","template":"page-templates\/no-stunning.php","meta":{"footnotes":""},"class_list":["post-9422","page","type-page","status-publish","hentry"," init "],"_links":{"self":[{"href":"https:\/\/sangokai.org\/index.php?rest_route=\/wp\/v2\/pages\/9422","targetHints":{"allow":["GET"]}}],"collection":[{"href":"https:\/\/sangokai.org\/index.php?rest_route=\/wp\/v2\/pages"}],"about":[{"href":"https:\/\/sangokai.org\/index.php?rest_route=\/wp\/v2\/types\/page"}],"author":[{"embeddable":true,"href":"https:\/\/sangokai.org\/index.php?rest_route=\/wp\/v2\/users\/1"}],"replies":[{"embeddable":true,"href":"https:\/\/sangokai.org\/index.php?rest_route=%2Fwp%2Fv2%2Fcomments&post=9422"}],"version-history":[{"count":54,"href":"https:\/\/sangokai.org\/index.php?rest_route=\/wp\/v2\/pages\/9422\/revisions"}],"predecessor-version":[{"id":12631,"href":"https:\/\/sangokai.org\/index.php?rest_route=\/wp\/v2\/pages\/9422\/revisions\/12631"}],"up":[{"embeddable":true,"href":"https:\/\/sangokai.org\/index.php?rest_route=\/wp\/v2\/pages\/6"}],"wp:attachment":[{"href":"https:\/\/sangokai.org\/index.php?rest_route=%2Fwp%2Fv2%2Fmedia&parent=9422"}],"curies":[{"name":"wp","href":"https:\/\/api.w.org\/{rel}","templated":true}]}}