{"id":103,"date":"2017-06-28T17:41:22","date_gmt":"2017-06-28T15:41:22","guid":{"rendered":"http:\/\/sangokai.org\/sangokai-shop\/?post_type=product&#038;p=103"},"modified":"2024-08-02T10:36:42","modified_gmt":"2024-08-02T08:36:42","slug":"balance-kalkhaushalt-system-ca-1-ca-2-kh-set-1000-ml","status":"publish","type":"product","link":"https:\/\/sangokai.org\/sangokai-shop\/produkt\/balance-kalkhaushalt-system-ca-1-ca-2-kh-set-1000-ml\/","title":{"rendered":"BALANCE Set 1000 mL"},"content":{"rendered":"<p><span style=\"font-family: tahoma, arial, helvetica, sans-serif; color: #000000; font-size: 12pt;\">SANGOKAI\u00a0hat mit dem BALANCE Kalkhaushalt System\u00a0ein absolut hochwertiges und umfangreiches Programm entwickelt, das nicht nur die Stabilisierung von Calcium sowie\u00a0der Karbonath\u00e4rte\u00a0(Alkalinit\u00e4t) erm\u00f6glicht, sondern dar\u00fcber hinaus auch die Meerwasserqualit\u00e4t nachhaltig verbessert, stabilisiert und im Notfall auch restauriert.<\/span><\/p>\n<p><span style=\"font-family: tahoma, arial, helvetica, sans-serif; color: #000000; font-size: 12pt;\">Die BALANCE Produkte dosieren in erster Linie Calcium und Carbonate in einer schnell wirksamen Form und gezielt ganz nach dem Bedarf Deines Riffaquariums. Denn, je nach Alter des Riffaquariums, Korallenbesatz und Korallenwachstum ist der Verbrauch von Calcium und von Carbonaten oft unterschiedlich hoch.<\/span><\/p>\n<p><span style=\"font-family: tahoma, arial, helvetica, sans-serif; color: #000000; font-size: 12pt;\">Dar\u00fcber hinaus erfolgt als sekund\u00e4re Funktion eine proportionierte Zugabe aller relevanter Inhaltsstoffe des Meerwassers: Schwefel, Magnesium, Kalium, Brom, Strontium, Bor, Rubidium, Fluor und Iod.\u00a0Dadurch wird die Meerwasser-Zusammensetzung optimiert und langfristig stabilisiert.<\/span><\/p>\n<p><span style=\"font-family: tahoma, arial, helvetica, sans-serif; font-size: 12pt;\"><strong>BALANCE Ca-1 und BALANCE KH:<\/strong><\/span><\/p>\n<p><span style=\"font-family: tahoma, arial, helvetica, sans-serif; font-size: 12pt;\"><strong>Achtung:<\/strong><\/span><\/p>\n<p><span style=\"font-family: tahoma, arial, helvetica, sans-serif; font-size: 12pt;\"><strong><img loading=\"lazy\" decoding=\"async\" class=\"wp-image-5013 alignleft\" src=\"https:\/\/sangokai.org\/sangokai-shop\/wp-content\/uploads\/2017\/06\/GHS07_exclam-1.png\" alt=\"\" width=\"83\" height=\"83\" srcset=\"https:\/\/sangokai.org\/sangokai-shop\/wp-content\/uploads\/2017\/06\/GHS07_exclam-1.png 3000w, https:\/\/sangokai.org\/sangokai-shop\/wp-content\/uploads\/2017\/06\/GHS07_exclam-1-300x300.png 300w, https:\/\/sangokai.org\/sangokai-shop\/wp-content\/uploads\/2017\/06\/GHS07_exclam-1-1024x1024.png 1024w, https:\/\/sangokai.org\/sangokai-shop\/wp-content\/uploads\/2017\/06\/GHS07_exclam-1-120x120.png 120w, https:\/\/sangokai.org\/sangokai-shop\/wp-content\/uploads\/2017\/06\/GHS07_exclam-1-768x768.png 768w, https:\/\/sangokai.org\/sangokai-shop\/wp-content\/uploads\/2017\/06\/GHS07_exclam-1-1536x1536.png 1536w, https:\/\/sangokai.org\/sangokai-shop\/wp-content\/uploads\/2017\/06\/GHS07_exclam-1-2048x2048.png 2048w, https:\/\/sangokai.org\/sangokai-shop\/wp-content\/uploads\/2017\/06\/GHS07_exclam-1-600x600.png 600w, https:\/\/sangokai.org\/sangokai-shop\/wp-content\/uploads\/2017\/06\/GHS07_exclam-1-100x100.png 100w\" sizes=\"auto, (max-width: 83px) 100vw, 83px\" \/><\/strong><\/span><\/p>\n<p>&nbsp;<\/p>\n<p>&nbsp;<\/p>\n<p>&nbsp;<\/p>\n<p><span style=\"font-family: tahoma, arial, helvetica, sans-serif; font-size: 12pt;\"><strong>Gefahrenhinweis: H319: Verursacht schwere Augenreizung.<\/strong><\/span><\/p>\n<p><span style=\"font-family: tahoma, arial, helvetica, sans-serif; font-size: 12pt;\"><strong>Sicherheitshinweise: <\/strong><\/span><\/p>\n<p><span style=\"font-family: tahoma, arial, helvetica, sans-serif; font-size: 12pt;\"><strong>P102,P264,P280: Darf nicht in die H\u00e4nde von Kindern gelangen, nach Gebrauch H\u00e4nde gr\u00fcndlich waschen, Schutzhandschuhe\/Augenschutz tragen.<\/strong><\/span><\/p>\n<p><span style=\"font-family: tahoma, arial, helvetica, sans-serif; font-size: 12pt;\"><strong>P305 + P351 + P338: Bei Kontakt mit den Augen: einige Minuten lang behutsam mit Wasser sp\u00fclen. Eventuell vorhandene Kontaktlinsen nach M\u00f6glichkeit entfernen. Weiter sp\u00fclen.<\/strong><\/span><\/p>\n<p><span style=\"font-family: tahoma, arial, helvetica, sans-serif; font-size: 12pt;\"><strong>P337+P313: Bei anhaltender Augenreizung: \u00e4rztlichen Rat einholen\/\u00e4rztliche Hilfe hinzuziehen.<\/strong><\/span><\/p>\n<p><span style=\"font-size: 12pt;\"><strong><span style=\"font-family: tahoma, arial, helvetica, sans-serif; color: #000000;\">Ausf\u00fchrliche Informationen zum BALANCE Kalkhaushalt System findest Du auf der SANGOKAI Webseite <a href=\"http:\/\/sangokai.org\/?page_id=4492\" target=\"_blank\" rel=\"noopener noreferrer\">hier<\/a>.<\/span><\/strong><\/span><\/p>\n<p>&nbsp;<\/p>\n<p>&nbsp;<\/p>\n<p>&nbsp;<\/p>\n<p>&nbsp;<\/p>\n","protected":false},"excerpt":{"rendered":"<p><span style=\"font-family: tahoma, arial, helvetica, sans-serif; color: #000000; font-size: 12pt;\"><strong>Du erh\u00e4ltst mit dem BALANCE Kalkhaushalt Set alle drei Produktkomponenten Ca-1, Ca-2 und KH in jeweils 1000 mL.<\/strong><\/span><\/p>\n<p><strong><span style=\"font-family: helvetica, arial, sans-serif; font-size: 10pt;\">Angaben nach GPSR: SANGOKAI, Bremer Landstr. 26, D-27412 Tarmstedt. www.sangoaki.org, info@sangokai.org<\/span><\/strong><\/p>\n<p><span style=\"font-family: tahoma, arial, helvetica, sans-serif; color: #000000; font-size: 12pt;\">Das BALANCE System bietet Dir effektive Produkte zur Kalkhaushalt-Stabilisierung, d.h. zur Anpassung von Calcium, der Karbonath\u00e4rte und daran gekn\u00fcpfte Elemente wie Strontium, Magnesium oder Bor.<\/span><\/p>\n<p><span style=\"font-family: tahoma, arial, helvetica, sans-serif; color: #000000; font-size: 12pt;\">Die Kalkhaushalt-Stabilisierung besteht aus den drei BALANCE Produkten Ca-1, Ca-2 und KH.<\/span><\/p>\n","protected":false},"featured_media":81,"template":"","meta":[],"product_brand":[],"product_cat":[34],"product_tag":[40,41,42,43,44],"class_list":{"0":"post-103","1":"product","2":"type-product","3":"status-publish","4":"has-post-thumbnail","6":"product_cat-balance-kalkhaushalt","7":"product_tag-kalkhaushalt","8":"product_tag-calcium","9":"product_tag-karbonathaerte","10":"product_tag-kh","11":"product_tag-magnesium","13":"first","14":"instock","15":"taxable","16":"shipping-taxable","17":"purchasable","18":"product-type-simple"},"_links":{"self":[{"href":"https:\/\/sangokai.org\/sangokai-shop\/wp-json\/wp\/v2\/product\/103","targetHints":{"allow":["GET"]}}],"collection":[{"href":"https:\/\/sangokai.org\/sangokai-shop\/wp-json\/wp\/v2\/product"}],"about":[{"href":"https:\/\/sangokai.org\/sangokai-shop\/wp-json\/wp\/v2\/types\/product"}],"wp:featuredmedia":[{"embeddable":true,"href":"https:\/\/sangokai.org\/sangokai-shop\/wp-json\/wp\/v2\/media\/81"}],"wp:attachment":[{"href":"https:\/\/sangokai.org\/sangokai-shop\/wp-json\/wp\/v2\/media?parent=103"}],"wp:term":[{"taxonomy":"product_brand","embeddable":true,"href":"https:\/\/sangokai.org\/sangokai-shop\/wp-json\/wp\/v2\/product_brand?post=103"},{"taxonomy":"product_cat","embeddable":true,"href":"https:\/\/sangokai.org\/sangokai-shop\/wp-json\/wp\/v2\/product_cat?post=103"},{"taxonomy":"product_tag","embeddable":true,"href":"https:\/\/sangokai.org\/sangokai-shop\/wp-json\/wp\/v2\/product_tag?post=103"}],"curies":[{"name":"wp","href":"https:\/\/api.w.org\/{rel}","templated":true}]}}