{"id":1573,"date":"2019-11-18T20:59:30","date_gmt":"2019-11-18T19:59:30","guid":{"rendered":"http:\/\/sangokai.org\/sangokai-shop\/?post_type=product&#038;p=1573"},"modified":"2025-08-13T23:33:09","modified_gmt":"2025-08-13T21:33:09","slug":"sango-nutri-nrg-1-250-5000-ml","status":"publish","type":"product","link":"https:\/\/sangokai.org\/sangokai-shop\/produkt\/sango-nutri-nrg-1-250-5000-ml\/","title":{"rendered":"NRG #1 250 &#8211; 5000 mL"},"content":{"rendered":"<p><span style=\"font-family: tahoma, arial, helvetica, sans-serif; font-size: 12pt;\">Neben dem SPS-System bietet Dir das SANGOKAI Produktsortiment jetzt auch das zweite Folgesystem f\u00fcr Dein gut entwickeltes SANGOKAI Riffaquarium an: das NRG-(\u201eEnergy\u201c) System. Es ist spezialisiert f\u00fcr Fluoreszenz-Riffaquarien mit reinen SPS, f\u00fcr SPS\/LPS-Mischbecken, f\u00fcr reine LPS-Riffaquarien oder f\u00fcr Anemonenbecken mit <em>Zoanthus<\/em>, <em>Ricordea<\/em> oder <em>Rhodactis<\/em>.<\/span><\/p>\n<p><span style=\"font-family: tahoma, arial, helvetica, sans-serif; font-size: 12pt;\">Im Rahmen der Entwicklung des NRG-Systems stand die Versorgung von \u201efleischigem\u201c Korallengewebe, wie es f\u00fcr fluoreszierende SPS und vor allem gro\u00dfpolypige (LPS) Steinkorallen typisch ist, im Vordergrund. Damit verbunden auch die Entwicklung und Ausarbeitung kr\u00e4ftiger und satter Korallenfarben durch eine hohen Bildungsrate von farbigen Chromoproteinen, die zum gr\u00f6\u00dften Teil auch Fluoreszenzeigenschaften zeigen. Kr\u00e4ftige und multiple Fluoreszenzen bei gleichzeitig hervorragendem Polypenbild sind Hauptaugenmerke f\u00fcr das SANGOKAI NRG-System.<\/span><\/p>\n<p><span style=\"font-family: tahoma, arial, helvetica, sans-serif; font-size: 12pt;\">Auch kleinpolypige (SPS) Steinkorallen reagieren sehr positiv auf die NRG-Wirkstoffe und bilden statte Farben, im Gegensatz zum SPS System jedoch weniger hell und metallisch, sondern vielmehr auch kr\u00e4ftig und fluoreszierend. Das NRG-System ist pr\u00e4destiniert f\u00fcr alle Mischaquarien, die sowohl SPS- als auch LPS-Korallen pflegen.<\/span><\/p>\n","protected":false},"excerpt":{"rendered":"<p style=\"text-align: left;\"><span style=\"font-size: 12pt; font-family: tahoma, arial, helvetica, sans-serif;\"><strong>NRG #1 ist erh\u00e4ltlich von 250 mL bis 5000 mL (bitte Ausf\u00fchrung w\u00e4hlen).<\/strong><\/span><\/p>\n<p><strong><span style=\"font-family: helvetica, arial, sans-serif; font-size: 10pt;\">Angaben nach GPSR: SANGOKAI, Bremer Landstr. 26, D-27412 Tarmstedt. www.sangoaki.org, info@sangokai.org<\/span><\/strong><\/p>\n<p style=\"text-align: left;\"><span style=\"font-family: tahoma, arial, helvetica, sans-serif; font-size: 12pt;\">NRG #1 ist eine organische Folgen\u00e4hrstoffdosierung, die das BASIS #1 abl\u00f6st und zur Versorgung von gut mit Korallen besetzten und stark wachsenden SPS, SPS\/LPS-Mischaquarien, LPS-Aquarien oder Anemonenbecken eingesetzt werden kann. Hauptaugenmerk ist dabei die Entwicklung und Ausarbeitung von Fluoreszenzpigmenten in allen genannten Korallengruppen. Die organischen Mikron\u00e4hrstoffe zielen in erster Linie auf eine effiziente Energieversorgung der Korallen ab, was sehr gut auf das Polypenbild und v.a. auf die Farbausbildung der Korallen wirkt.<\/span><\/p>\n<p style=\"text-align: left;\"><span style=\"font-family: tahoma, arial, helvetica, sans-serif; font-size: 12pt;\">Insbesondere in einer strahlungsintensiven Lichtumgebung im kurzwelligen UV-nahen und violetten Spektralbereich steht mit dem NRG #1 schnell verf\u00fcgbare Stoffwechselenergie zur Verf\u00fcgung, um auch bei bestehendem Strahlungsstress auf ausreichend hohe Energiereserven f\u00fcr das Gewebe- und Skelettwachstum (Calcifikation) zur\u00fcckgreifen zu k\u00f6nnen.<\/span><\/p>\n<p style=\"text-align: left;\"><span style=\"font-family: tahoma, arial, helvetica, sans-serif; font-size: 12pt;\">Die NRG #1 Wirkstoffe haben eine sichtbar positive Wirkung auf das fleischige Gewebe von gro\u00dfpolypigen Steinkorallen (LPS) und auch von Anemonen (<em>Zoanthus<\/em>, <em>Ricordea<\/em>, <em>Rhodcatis<\/em>, etc.). Dar\u00fcber hinaus werden je nach Lichtumgebung vor allem auch multiple Fluoreszenzen in LPS- und SPS-Steinkorallen entwickelt und ausgepr\u00e4gt.<\/span><\/p>\n<p style=\"text-align: left;\"><span style=\"font-family: tahoma, arial, helvetica, sans-serif; font-size: 12pt;\">Die positive Wirkung auf den allgemeinen N\u00e4hrstoffabbau und die mikrobielle Organismen- und Artenvielfalt ist auch im NRG-System ausgepr\u00e4gt und bietet alle \u00f6kologischen Vorteile, die f\u00fcr die SANGOKAI N\u00e4hrstoffversorgung charakteristisch sind.<\/span><\/p>\n<p style=\"text-align: left;\"><span style=\"font-family: tahoma, arial, helvetica, sans-serif; font-size: 12pt;\">Vor Anwendung des NRG-Systems sollte das BASIS-System f\u00fcr mind. sechs Monate etabliert sein, um das Aquarium an die umfangreiche organische N\u00e4hrstoffversorgung zu gew\u00f6hnen und um alle aquarienbiologische Prozesse optimal auszubilden. Weitere Hinweise siehe die Anleitung zum SPS\/NRG-System auf dieser Webseite.<\/span><\/p>\n","protected":false},"featured_media":1657,"template":"","meta":[],"product_brand":[],"product_cat":[94],"product_tag":[57,101,102,103],"class_list":{"0":"post-1573","1":"product","2":"type-product","3":"status-publish","4":"has-post-thumbnail","6":"product_cat-sps","7":"product_tag-organisch","8":"product_tag-nrg","9":"product_tag-energy","10":"product_tag-folgesystem","12":"first","13":"instock","14":"taxable","15":"shipping-taxable","16":"purchasable","17":"product-type-variable"},"_links":{"self":[{"href":"https:\/\/sangokai.org\/sangokai-shop\/wp-json\/wp\/v2\/product\/1573","targetHints":{"allow":["GET"]}}],"collection":[{"href":"https:\/\/sangokai.org\/sangokai-shop\/wp-json\/wp\/v2\/product"}],"about":[{"href":"https:\/\/sangokai.org\/sangokai-shop\/wp-json\/wp\/v2\/types\/product"}],"wp:featuredmedia":[{"embeddable":true,"href":"https:\/\/sangokai.org\/sangokai-shop\/wp-json\/wp\/v2\/media\/1657"}],"wp:attachment":[{"href":"https:\/\/sangokai.org\/sangokai-shop\/wp-json\/wp\/v2\/media?parent=1573"}],"wp:term":[{"taxonomy":"product_brand","embeddable":true,"href":"https:\/\/sangokai.org\/sangokai-shop\/wp-json\/wp\/v2\/product_brand?post=1573"},{"taxonomy":"product_cat","embeddable":true,"href":"https:\/\/sangokai.org\/sangokai-shop\/wp-json\/wp\/v2\/product_cat?post=1573"},{"taxonomy":"product_tag","embeddable":true,"href":"https:\/\/sangokai.org\/sangokai-shop\/wp-json\/wp\/v2\/product_tag?post=1573"}],"curies":[{"name":"wp","href":"https:\/\/api.w.org\/{rel}","templated":true}]}}