{"id":176,"date":"2017-06-29T14:45:21","date_gmt":"2017-06-29T12:45:21","guid":{"rendered":"http:\/\/sangokai.org\/sangokai-shop\/?post_type=product&#038;p=176"},"modified":"2025-04-28T20:16:49","modified_gmt":"2025-04-28T18:16:49","slug":"sango-nutri-basic-1-250-5000-ml","status":"publish","type":"product","link":"https:\/\/sangokai.org\/sangokai-shop\/produkt\/sango-nutri-basic-1-250-5000-ml\/","title":{"rendered":"BASIS #1 250 &#8211; 5000 mL"},"content":{"rendered":"<p><span style=\"font-family: tahoma, arial, helvetica, sans-serif; font-size: 12pt;\">Das SANGOKAI BASIS System bietet Deinen Korallen und dem gesamten Riffaquarium eine umfangreiche Mikron\u00e4hrstoff- und Spurenelementversorgung, die zu einer sichtbaren Leistungssteigerung im gesamten Aquariensystem f\u00fchrt.<\/span><\/p>\n<p><span style=\"font-family: tahoma, arial, helvetica, sans-serif; font-size: 12pt;\">N\u00e4hrstoffe wie Nitrat und Phosphat werden durch die gesteigerte Produktivit\u00e4t schneller und effizienter verarbeitet und dem gesamten Nahrungsnetz zur Verf\u00fcgung gestellt. Insbesondere auch Deine Korallen profitieren von der komplexen organischen Wirkstoffkombination und zeigen gesundes Wachstum, besseres Polypenbild und eine st\u00e4rkere Farbausbildung.<\/span><\/p>\n<p><span style=\"font-family: tahoma, arial, helvetica, sans-serif; font-size: 12pt;\">Genau wie im nat\u00fcrlichen Korallenriff ern\u00e4hren viele verschiedene im Wasser gel\u00f6ste Mikron\u00e4hrstoffe in einer geringen, daf\u00fcr aber konstanten Menge auch viele verschiedene Lebewesen. Die Folge davon ist eine langfristig hohe Arten- und Organismenvielfalt, die sich im Aquarium entwickeln und vermehren kann und als aquarieneigenes Futter zur Verf\u00fcgung steht.<\/span><\/p>\n<p><span style=\"font-family: tahoma, arial, helvetica, sans-serif; font-size: 12pt;\">Dein SANGOKAI Riffaquarium erlangt mit dem BASIS System ein gesundes Ma\u00df an mikrobiologischer Aktivit\u00e4t, bildet Kleinstlebewesen, Mikroben und Plankton, und erzeugt eine bessere Nahrungsgrundlage f\u00fcr Deine Korallen, Fische und Filtrierer. Damit ist es ein echtes biologisches Aquariensystem. Du ben\u00f6tigst keine weiteren Fremdprodukte mehr, wie zus\u00e4tzliche Aminos\u00e4uren, Phytoplankton, Bakterienpr\u00e4parate oder andere Korallenfuttermittel.<\/span><\/p>\n<p><strong><span style=\"font-family: tahoma, arial, helvetica, sans-serif; font-size: medium;\">Konzentrat, daher sehr ergiebig. <\/span><span style=\"font-family: tahoma, arial, helvetica, sans-serif; font-size: medium;\">Dosierung: 0,25 &#8211; 0,5 mL pro 100 L t\u00e4glich<\/span><\/strong><strong style=\"font-family: tahoma, arial, helvetica, sans-serif; font-size: 12pt;\">.<\/strong><\/p>\n","protected":false},"excerpt":{"rendered":"<p><span style=\"font-family: tahoma, arial, helvetica, sans-serif; font-size: 12pt;\"><strong>BASIS #1 ist erh\u00e4ltlich von 250 mL bis 5000 mL (bitte Ausf\u00fchrung w\u00e4hlen).<\/strong><\/span><\/p>\n<p><strong><span style=\"font-family: helvetica, arial, sans-serif; font-size: 10pt;\">Angaben nach GPSR: SANGOKAI, Bremer Landstr. 26, D-27412 Tarmstedt. www.sangoaki.org, info@sangokai.org<\/span><\/strong><\/p>\n<hr \/>\n<p><span style=\"font-family: tahoma, arial, helvetica, sans-serif; font-size: 12pt;\">Mit BASIS #1 hast Du eine sehr umfangreiche und wirkungsvolle Mikron\u00e4hrstoff- und Spurenelementversorgung f\u00fcr Dein Riffaquarium.<\/span><\/p>\n<p><span style=\"font-family: tahoma, arial, helvetica, sans-serif; font-size: 12pt;\">Dieses komplexe N\u00e4hrstoffkonzentrat versorgt Dein gesamtes Riffaquarium und arbeitet mit einer auf dem Markt einzigartigen Rezeptur aus vielen verschiedenen Wirkstoffen. BASIS #1 ist eine spezielle Zusammensetzung aus wichtigen organischen Mikron\u00e4hrstoffen (dazu z\u00e4hlen z.B. Aminos\u00e4uren, verschiedene Carbons\u00e4uren oder Kohlenhydratverbindungen), sowie anorganischen Spurenelementen, die das Aquarium zur Stabilisierung einer gesunden N\u00e4hrstoffumgebung braucht.<\/span><\/p>\n<p><span style=\"font-family: tahoma, arial, helvetica, sans-serif; font-size: 12pt;\">W\u00e4hrend z.B. der organische Stickstoffanteil das Mikrobenwachstum anregt und den Korallenproteinstoffwechsel versorgt, ist der organische Kohlenstoffanteil mit all seinen verschiedenen Wirkstoffen ein schnell verf\u00fcgbarer Treibstoff, nicht nur f\u00fcr die effektive Verarbeitung von N\u00e4hrstoffen, sondern vor allem auch f\u00fcr den Energiehaushalt der Korallen. Deine Korallen reagieren mit besserem Polypenbild, intensiverer Farbauspr\u00e4gung und gesundem Wachstum.<\/span><\/p>\n<p><span style=\"font-family: tahoma, arial, helvetica, sans-serif; font-size: 12pt;\">BASIS #1 bietet Dir alle SANGOKAI Wirkstoffe mit hoher Funktionalit\u00e4t in nur einer einzigen konzentrierten L\u00f6sung. Du ben\u00f6tigst keine weiteren Fremdprodukte mehr, wie zus\u00e4tzliche Aminos\u00e4urepr\u00e4parate, Phytoplankton, Bakterienpr\u00e4parate oder andere fl\u00fcssige Korallenn\u00e4hrstoffprodukte-<\/span><\/p>\n<p><span style=\"font-family: tahoma, arial, helvetica, sans-serif; font-size: 12pt;\"><strong><span style=\"font-family: tahoma, arial, helvetica, sans-serif; font-size: medium;\">Konzentrat, daher sehr ergiebig. <\/span><span style=\"font-family: tahoma, arial, helvetica, sans-serif; font-size: medium;\">Dosierung: 0,25 &#8211; 0,5 mL pro 100 L t\u00e4glich<\/span><\/strong><strong style=\"font-family: tahoma, arial, helvetica, sans-serif; font-size: 12pt;\">.<\/strong><\/span><\/p>\n","protected":false},"featured_media":181,"template":"","meta":[],"product_brand":[],"product_cat":[31],"product_tag":[32,33,55,56,57],"class_list":{"0":"post-176","1":"product","2":"type-product","3":"status-publish","4":"has-post-thumbnail","6":"product_cat-basis","7":"product_tag-basis","8":"product_tag-version-2","9":"product_tag-amin","10":"product_tag-element","11":"product_tag-organisch","13":"first","14":"instock","15":"taxable","16":"shipping-taxable","17":"purchasable","18":"product-type-variable"},"_links":{"self":[{"href":"https:\/\/sangokai.org\/sangokai-shop\/wp-json\/wp\/v2\/product\/176","targetHints":{"allow":["GET"]}}],"collection":[{"href":"https:\/\/sangokai.org\/sangokai-shop\/wp-json\/wp\/v2\/product"}],"about":[{"href":"https:\/\/sangokai.org\/sangokai-shop\/wp-json\/wp\/v2\/types\/product"}],"wp:featuredmedia":[{"embeddable":true,"href":"https:\/\/sangokai.org\/sangokai-shop\/wp-json\/wp\/v2\/media\/181"}],"wp:attachment":[{"href":"https:\/\/sangokai.org\/sangokai-shop\/wp-json\/wp\/v2\/media?parent=176"}],"wp:term":[{"taxonomy":"product_brand","embeddable":true,"href":"https:\/\/sangokai.org\/sangokai-shop\/wp-json\/wp\/v2\/product_brand?post=176"},{"taxonomy":"product_cat","embeddable":true,"href":"https:\/\/sangokai.org\/sangokai-shop\/wp-json\/wp\/v2\/product_cat?post=176"},{"taxonomy":"product_tag","embeddable":true,"href":"https:\/\/sangokai.org\/sangokai-shop\/wp-json\/wp\/v2\/product_tag?post=176"}],"curies":[{"name":"wp","href":"https:\/\/api.w.org\/{rel}","templated":true}]}}