{"id":279,"date":"2017-06-29T21:25:28","date_gmt":"2017-06-29T19:25:28","guid":{"rendered":"http:\/\/sangokai.org\/sangokai-shop\/?post_type=product&#038;p=279"},"modified":"2024-08-02T10:59:31","modified_gmt":"2024-08-02T08:59:31","slug":"clean-system-set-500-2500-g","status":"publish","type":"product","link":"https:\/\/sangokai.org\/sangokai-shop\/produkt\/clean-system-set-500-2500-g\/","title":{"rendered":"CLEAN Set 500\/750 &#8211; 2500\/3500 g"},"content":{"rendered":"<p><span style=\"font-family: tahoma, arial, helvetica, sans-serif; font-size: 12pt;\">Das CLEAN-System umfasst verschiedene\u00a0Filtermedien f\u00fcr Dein Riffaquarium, mit denen Du die Wasserqualit\u00e4t kontrollieren\u00a0und die Pflegebedingungen f\u00fcr Deine Tiere verbessern\u00a0kannst.<\/span><\/p>\n<p><span style=\"font-family: tahoma, arial, helvetica, sans-serif; font-size: 12pt;\">Die Entfernung akkumulierter N\u00e4hrstoffe wie Nitrat oder Phosphat spielt im\u00a0SANGOKAI System zwar keine vordergr\u00fcndige Rolle, weil das\u00a0BASIS-System in diesem Bereich eine hohe Leistungsf\u00e4higkeit aufweist.\u00a0Allerdings stellt\u00a0sich im individuellen Einzelfall und je nach Tierbesatz die Notwendigkeit, gezielt oder auch prophylaktisch filtertechnische Ma\u00dfnahmen zur erweiterten Wasserreinigung zu etablieren.<\/span><\/p>\n<p><span style=\"font-family: tahoma, arial, helvetica, sans-serif; font-size: 12pt;\">Nat\u00fcrlich schaffen wir Dir in den Produktbeschreibungen sowie\u00a0in der Anwendungskategorie die Wissensgrundlage daf\u00fcr, wann und wie Du die CLEAN-Produkte\u00a0optimal und sinnvoll einsetzen kannst.<\/span><\/p>\n<p><span style=\"font-family: tahoma, arial, helvetica, sans-serif; font-size: 12pt;\">Die CLEAN\u00a0Filtermedien haben wir\u00a0speziell f\u00fcr die Riffaquaristik aus hochwertigen industriellen Produkten ausgew\u00e4hlt. Dadurch k\u00f6nnen wir Dir eine hervorragende Leistungsf\u00e4higkeit garantieren und sorgen\u00a0mit der\u00a0Qualit\u00e4tskontrolle\u00a0gemeinsam mit unseren Lieferanten und Partner-Laboratorien f\u00fcr Deinen langfristigen Erfolg.<\/span><\/p>\n<p><span style=\"font-size: 12pt; font-family: tahoma, arial, helvetica, sans-serif;\"><strong><span style=\"color: #000000;\">Ausf\u00fchrliche Informationen zum CLEAN-System findest Du auf der SANGOKAI Webseite <a href=\"http:\/\/sangokai.org\/?page_id=6036\" target=\"_blank\" rel=\"noopener noreferrer\">hier<\/a>.<\/span><\/strong><\/span><\/p>\n","protected":false},"excerpt":{"rendered":"<p><span style=\"font-family: tahoma, arial, helvetica, sans-serif; font-size: 12pt;\"><strong>Du erh\u00e4ltst mit dem CLEAN Set beide Produkte CLEAN carb und CLEAN anio, wahlweise in der kleinen (500 g carb, 750 g anio) oder der gro\u00dfen Gebindegr\u00f6\u00dfe mit 2500 g carb und 3500 g anio (Ausf\u00fchrung w\u00e4hlen).<\/strong><\/span><\/p>\n<p><strong><span style=\"font-family: helvetica, arial, sans-serif; font-size: 10pt;\">Angaben nach GPSR: SANGOKAI, Bremer Landstr. 26, D-27412 Tarmstedt. www.sangoaki.org, info@sangokai.org<\/span><\/strong><\/p>\n","protected":false},"featured_media":215,"template":"","meta":[],"product_brand":[],"product_cat":[37],"product_tag":[67,68,69,71,88,89],"class_list":{"0":"post-279","1":"product","2":"type-product","3":"status-publish","4":"has-post-thumbnail","6":"product_cat-clean","7":"product_tag-aktivkohle","8":"product_tag-carb","9":"product_tag-filter","10":"product_tag-adsorber","11":"product_tag-phosphatadsorber","12":"product_tag-anio","14":"first","15":"outofstock","16":"taxable","17":"shipping-taxable","18":"purchasable","19":"product-type-variable"},"_links":{"self":[{"href":"https:\/\/sangokai.org\/sangokai-shop\/wp-json\/wp\/v2\/product\/279","targetHints":{"allow":["GET"]}}],"collection":[{"href":"https:\/\/sangokai.org\/sangokai-shop\/wp-json\/wp\/v2\/product"}],"about":[{"href":"https:\/\/sangokai.org\/sangokai-shop\/wp-json\/wp\/v2\/types\/product"}],"wp:featuredmedia":[{"embeddable":true,"href":"https:\/\/sangokai.org\/sangokai-shop\/wp-json\/wp\/v2\/media\/215"}],"wp:attachment":[{"href":"https:\/\/sangokai.org\/sangokai-shop\/wp-json\/wp\/v2\/media?parent=279"}],"wp:term":[{"taxonomy":"product_brand","embeddable":true,"href":"https:\/\/sangokai.org\/sangokai-shop\/wp-json\/wp\/v2\/product_brand?post=279"},{"taxonomy":"product_cat","embeddable":true,"href":"https:\/\/sangokai.org\/sangokai-shop\/wp-json\/wp\/v2\/product_cat?post=279"},{"taxonomy":"product_tag","embeddable":true,"href":"https:\/\/sangokai.org\/sangokai-shop\/wp-json\/wp\/v2\/product_tag?post=279"}],"curies":[{"name":"wp","href":"https:\/\/api.w.org\/{rel}","templated":true}]}}