{"id":555,"date":"2018-01-08T13:19:03","date_gmt":"2018-01-08T12:19:03","guid":{"rendered":"http:\/\/sangokai.org\/sangokai-shop\/?post_type=product&#038;p=555"},"modified":"2025-04-28T21:45:02","modified_gmt":"2025-04-28T19:45:02","slug":"sango-nutri-hed-sps-2-250-5000-ml","status":"publish","type":"product","link":"https:\/\/sangokai.org\/sangokai-shop\/produkt\/sango-nutri-hed-sps-2-250-5000-ml\/","title":{"rendered":"SPS #2 250 &#8211; 5000 mL"},"content":{"rendered":"<p><span style=\"font-family: tahoma, arial, helvetica, sans-serif; font-size: 12pt;\">Nachdem das BASIS-System eine gesunde Mikrobiologie, eine hohe Organismenvielfalt und stabile aquarienbiologische Prozesse etabliert hat, um damit die wesentlichen Grundlagen f\u00fcr die erfolgreiche Korallenpflege zu schaffen, bietet Dir das SPS-System als Folgesystem eine zielgerichtete Versorgung Deines bereits gut gewachsenen SPS-Korallenbestandes.<\/span><\/p>\n<p><span style=\"font-family: tahoma, arial, helvetica, sans-serif; font-size: 12pt;\">Das SPS-System konzentriert sich st\u00e4rker auf den SPS-spezifischen Korallenstoffwechsel und setzt spezielle Versorgungsakzente bei der Ausbildung und Entwicklung vor allem von hellen, plakativen und metallischen Farben in kleinpolypigen SPS-Steinkorallen, ohne dabei die Gesunderhaltung der Korallen aus dem Auge zu verlieren. Insbesondere unter potentiell strahlungsstressigen Lichtbedingungen bietet das SPS-System eine wirkungsvolle N\u00e4hrstoffversorgung und h\u00e4lt einen gesunden Energie- und Baustoffwechsel in Deinen Korallen aufrecht.<\/span><\/p>\n<p><span style=\"font-family: tahoma, arial, helvetica, sans-serif; font-size: 12pt;\">Nichtsdestotrotz ist das SPS-System ein echtes SANGOKAI System und versorgt neben den Korallen auch eine funktionierende Mikroorganismengemeinschaft. Die f\u00fcr nat\u00fcrliche Korallenriffe typische hohe Organismen-und Artenvielfalt bleibt erhalten und erm\u00f6glicht eine langfristig gute Kontrolle des allgemeinen Stickstoff- und Phosphathaushalts.<\/span><\/p>\n<p><span style=\"font-family: tahoma, arial, helvetica, sans-serif; font-size: 12pt;\">Grundvoraussetzung f\u00fcr die Anwendung des SPS-Systems ist immer das SANGOKAI BASIS-System, das f\u00fcr mindestens sechs Monate im jeweiligen Riffaquarium etabliert sein sollte. Dadurch wird das Riffaquarium an die umfangreiche organische SANGOKAI N\u00e4hrstoffversorgung gew\u00f6hnt und entwickelt in einem zeitlich angemessenen Rahmen eine vielf\u00e4ltige Organismengemeinschaft, die Grundlage f\u00fcr die aquarienbiologische Stabilit\u00e4t und ein langfristig gesundes und produktives Riff\u00f6kosystem ist.<\/span><\/p>\n","protected":false},"excerpt":{"rendered":"<p><span style=\"font-size: 12pt; font-family: tahoma, arial, helvetica, sans-serif;\"><strong>SPS #2 ist erh\u00e4ltlich von 250 mL bis 5000 mL (bitte Ausf\u00fchrung w\u00e4hlen).<\/strong><\/span><\/p>\n<p><strong><span style=\"font-family: helvetica, arial, sans-serif; font-size: 10pt;\">Angaben nach GPSR: SANGOKAI, Bremer Landstr. 26, D-27412 Tarmstedt. www.sangoaki.org, info@sangokai.org<\/span><\/strong><\/p>\n<p><span style=\"font-family: tahoma, arial, helvetica, sans-serif; font-size: 12pt;\">SPS #2 liefert Deinen SPS-Korallen wichtige Spurenmetalle und anorganische Mikron\u00e4hrstoffe, die v.a. bei hoher Stoffwechselaktivit\u00e4t in einer strahlungsintensiven Lichtumgebung ben\u00f6tigt werden, und die gleichzeitig nicht zum Eindunkeln des Korallengewebes f\u00fchren.<\/span><\/p>\n<p><span style=\"font-family: tahoma, arial, helvetica, sans-serif; font-size: 12pt;\"><span style=\"font-family: tahoma, arial, helvetica, sans-serif; font-size: 12pt; color: #000000;\"><span style=\"font-family: tahoma, arial, helvetica, sans-serif; font-size: 12pt; color: #333333;\">Mit SPS #2 dosierst Du in einer exakt berechneten Rezeptur und in einem definierten Verh\u00e4ltnis zueinander die Spurenmetalle Eisen, Mangan, Molybd\u00e4n, Zink, Vanadium, Kupfer, Nickel, Chrom und Cobalt sowie zus\u00e4tzlich Selen.<\/span><\/span><\/span><\/p>\n<p><span style=\"font-family: tahoma, arial, helvetica, sans-serif; font-size: 12pt;\">Die ausgew\u00e4hlte und exakt berechnete Spurenmetall-Zusammensetzung im SPS #2 ist auf die Ausbildung von pastelligen und metallischen Farben in SPS optimiert. Dabei wird gleichzeitig ein helles Grundgewebe erhalten, was die Wiedergabe v.a. von plakativen Chromoproteinen (z.B. das pinke Pocilloporin) verst\u00e4rkt.<\/span><\/p>\n<p><span style=\"font-family: tahoma, arial, helvetica, sans-serif; font-size: 12pt;\">Die Aufgabe von SPS #2 besteht darin, Wachstumsst\u00f6rungen unter potentiellen Strahlungsstressbedingungen auf zellul\u00e4rer Ebene im Bereich der physiologisch relevanten Spurenmetalle zu verhindern. Trotz hoher Energieinvestitionen in die Strahlungsstress-Abwehr, bei der auch farbige Chromoproteine gebildet werden, kann auch das Gewebe- und Skelettwachstum von SPS-Korallen auf einem gesunden Niveau gehalten werden.<\/span><\/p>\n","protected":false},"featured_media":1664,"template":"","meta":[],"product_brand":[],"product_cat":[94],"product_tag":[95,96,97,57],"class_list":{"0":"post-555","1":"product","2":"type-product","3":"status-publish","4":"has-post-thumbnail","6":"product_cat-sps","7":"product_tag-hed","8":"product_tag-sps","9":"product_tag-spurenmetalle","10":"product_tag-organisch","12":"first","13":"instock","14":"taxable","15":"shipping-taxable","16":"purchasable","17":"product-type-variable"},"_links":{"self":[{"href":"https:\/\/sangokai.org\/sangokai-shop\/wp-json\/wp\/v2\/product\/555","targetHints":{"allow":["GET"]}}],"collection":[{"href":"https:\/\/sangokai.org\/sangokai-shop\/wp-json\/wp\/v2\/product"}],"about":[{"href":"https:\/\/sangokai.org\/sangokai-shop\/wp-json\/wp\/v2\/types\/product"}],"wp:featuredmedia":[{"embeddable":true,"href":"https:\/\/sangokai.org\/sangokai-shop\/wp-json\/wp\/v2\/media\/1664"}],"wp:attachment":[{"href":"https:\/\/sangokai.org\/sangokai-shop\/wp-json\/wp\/v2\/media?parent=555"}],"wp:term":[{"taxonomy":"product_brand","embeddable":true,"href":"https:\/\/sangokai.org\/sangokai-shop\/wp-json\/wp\/v2\/product_brand?post=555"},{"taxonomy":"product_cat","embeddable":true,"href":"https:\/\/sangokai.org\/sangokai-shop\/wp-json\/wp\/v2\/product_cat?post=555"},{"taxonomy":"product_tag","embeddable":true,"href":"https:\/\/sangokai.org\/sangokai-shop\/wp-json\/wp\/v2\/product_tag?post=555"}],"curies":[{"name":"wp","href":"https:\/\/api.w.org\/{rel}","templated":true}]}}